rime factors of 72451.
53, 1367
List the prime factors of 109945.
5, 11, 1999
List the prime factors of 8093.
8093
What are the prime factors of 4352?
2, 17
List the prime factors of 10252.
2, 11, 233
What are the prime factors of 6162?
2, 3, 13, 79
List the prime factors of 129842.
2, 64921
What are the prime factors of 20305?
5, 31, 131
List the prime factors of 14885.
5, 13, 229
List the prime factors of 67918.
2, 29, 1171
List the prime factors of 2902.
2, 1451
List the prime factors of 107572.
2, 26893
List the prime factors of 138736.
2, 13, 23, 29
What are the prime factors of 105?
3, 5, 7
List the prime factors of 360.
2, 3, 5
List the prime factors of 17263.
61, 283
What are the prime factors of 1123?
1123
List the prime factors of 2194.
2, 1097
What are the prime factors of 115?
5, 23
List the prime factors of 19698.
2, 3, 7, 67
What are the prime factors of 560?
2, 5, 7
List the prime factors of 19349.
11, 1759
List the prime factors of 371.
7, 53
What are the prime factors of 560?
2, 5, 7
What are the prime factors of 84406?
2, 7, 6029
List the prime factors of 15872.
2, 31
List the prime factors of 647.
647
What are the prime factors of 324?
2, 3
List the prime factors of 1201.
1201
What are the prime factors of 2665?
5, 13, 41
What are the prime factors of 1238?
2, 619
List the prime factors of 77193.
3, 953
List the prime factors of 587.
587
What are the prime factors of 13078?
2, 13, 503
List the prime factors of 41449.
181, 229
What are the prime factors of 260?
2, 5, 13
What are the prime factors of 14683?
14683
List the prime factors of 18933.
3, 6311
List the prime factors of 7304.
2, 11, 83
List the prime factors of 924.
2, 3, 7, 11
What are the prime factors of 61051?
61051
What are the prime factors of 3116?
2, 19, 41
What are the prime factors of 7131?
3, 2377
What are the prime factors of 1487?
1487
What are the prime factors of 25718?
2, 7, 11, 167
What are the prime factors of 326?
2, 163
List the prime factors of 2388.
2, 3, 199
What are the prime factors of 14851?
14851
What are the prime factors of 76340?
2, 5, 11, 347
List the prime factors of 60398.
2, 13, 23, 101
List the prime factors of 17936.
2, 19, 59
List the prime factors of 123539.
13, 17, 43
What are the prime factors of 3621?
3, 17, 71
What are the prime factors of 15896?
2, 1987
What are the prime factors of 51355?
5, 10271
What are the prime factors of 870?
2, 3, 5, 29
What are the prime factors of 10677?
3, 3559
What are the prime factors of 16905?
3, 5, 7, 23
What are the prime factors of 195?
3, 5, 13
What are the prime factors of 27874?
2, 7, 11, 181
List the prime factors of 575.
5, 23
What are the prime factors of 11172?
2, 3, 7, 19
What are the prime factors of 76968?
2, 3, 1069
What are the prime factors of 1658?
2, 829
List the prime factors of 1697.
1697
What are the prime factors of 4852?
2, 1213
List the prime factors of 16835.
5, 7, 13, 37
List the prime factors of 153.
3, 17
What are the prime factors of 864?
2, 3
List the prime factors of 1664.
2, 13
What are the prime factors of 46378?
2, 23189
What are the prime factors of 83711?
97, 863
What are the prime factors of 113724?
2, 3, 13
What are the prime factors of 32118?
2, 3, 53, 101
List the prime factors of 508.
2, 127
What are the prime factors of 37819?
59, 641
List the prime factors of 675.
3, 5
List the prime factors of 6393.
3, 2131
What are the prime factors of 9310?
2, 5, 7, 19
What are the prime factors of 1593?
3, 59
What are the prime factors of 25821?
3, 19, 151
List the prime factors of 228.
2, 3, 19
List the prime factors of 2877.
3, 7, 137
List the prime factors of 10762.
2, 5381
What are the prime factors of 770?
2, 5, 7, 11
What are the prime factors of 43961?
43961
List the prime factors of 106769.
13, 43, 191
What are the prime factors of 113600?
2, 5, 71
List the prime factors of 1725.
3, 5, 23
What are the prime factors of 14854?
2, 7, 1061
List the prime factors of 2844.
2, 3, 79
What are the prime factors of 5846?
2, 37, 79
List the prime factors of 2396.
2, 599
What are the prime factors of 20585?
5, 23, 179
List the prime factors of 12357.
3, 1373
What are the prime factors of 39825?
3, 5, 59
List the prime factors of 3545.
5, 709
What are the prime factors of 15811?
97, 163
What are the prime factors of 5406?
2, 3, 17, 53
List the prime factors of 33924.
2, 3, 11, 257
List the prime factors of 1239.
3, 7, 59
List the prime factors of 957.
3, 11, 29
List the prime factors of 96.
2, 3
List the prime factors of 817.
19, 43
What are the prime factors of 7601?
11, 691
What are the prime factors of 31228?
2, 37, 211
List the prime factors of 8683.
19, 457
List the prime factors of 1907.
1907
What are the prime factors of 285?
3, 5, 19
What are the prime factors of 8301?
3, 2767
What are the prime factors of 21562?
2, 10781
List the prime factors of 8845.
5, 29, 61
What are the prime factors of 420?
2, 3, 5, 7
What are the prime factors of 16495?
5, 3299
List the prime factors of 3145.
5, 17, 37
List the prime factors of 55729.
23, 2423
What are the prime factors of 149223?
3, 49741
What are the prime factors of 45677?
45677
List the prime factors of 35278.
2, 31, 569
List the prime factors of 10318.
2, 7, 11, 67
List the prime factors of 8415.
3, 5, 11, 17
What are the prime factors of 519?
3, 173
What are the prime factors of 67172?
2, 7, 2399
List the prime factors of 2698.
2, 19, 71
List the prime factors of 1777.
1777
What are the prime factors of 2571?
3, 857
List the prime factors of 131315.
5, 26263
List the prime factors of 7332.
2, 3, 13, 47
List the prime factors of 16351.
83, 197
List the prime factors of 39163.
39163
List the prime factors of 33417.
3, 47, 79
What are the prime factors of 7503?
3, 41, 61
What are the prime factors of 8027?
23, 349
List the prime factors of 2633.
2633
What are the prime factors of 2368?
2, 37
What are the prime factors of 4684?
2, 1171
What are the prime factors of 25013?
25013
What are the prime factors of 53051?
53051
What are the prime factors of 10113?
3, 3371
List the prime factors of 1146.
2, 3, 191
What are the prime factors of 49622?
2, 43, 577
What are the prime factors of 338?
2, 13
List the prime factors of 8291.
8291
List the prime factors of 344.
2, 43
What are the prime factors of 2532?
2, 3, 211
What are the prime factors of 29325?
3, 5, 17, 23
List the prime factors of 1202.
2, 601
What are the prime factors of 6740?
2, 5, 337
What are the prime factors of 4457?
4457
List the prime factors of 1950.
2, 3, 5, 13
List the prime factors of 65296.
2, 7, 11, 53
List the prime factors of 21389.
73, 293
List the prime factors of 102125.
5, 19, 43
What are the prime factors of 99377?
99377
List the prime factors of 85990.
2, 5, 8599
What are the prime factors of 2980?
2, 5, 149
What are the prime factors of 197449?
7, 67, 421
List the prime factors of 888.
2, 3, 37
List the prime factors of 1240.
2, 5, 31
What are the prime factors of 44?
2, 11
List the prime factors of 7000.
2, 5, 7
List the prime factors of 1845.
3, 5, 41
List the prime factors of 50189.
31, 1619
List the prime factors of 39054.
2, 3, 23, 283
What are the prime factors of 3992?
2, 499
What are the prime factors of 48589?
48589
List the prime factors of 16208.
2, 1013
What are the prime factors of 81091?
83, 977
List the prime factors of 451.
11, 41
List the prime factors of 2126.
2, 1063
What are the prime factors of 235?
5, 47
What are the prime factors of 5035?
5, 19, 53
What are the prime factors of 37941?
3, 12647
List the prime factors of 661.
661
What are the prime factors of 9569?
7, 1367
List the prime factors of 2727.
3, 101
What are the prime factors of 29233?
23, 31, 41
What are the prime factors of 58674?
2, 3, 7, 11, 127
List the prime factors of 4675.
5, 11, 17
What are the prime factors of 146700?
2, 3, 5, 163
What are the prime factors of 626?
2, 313
What are the prime factors of 3226?
2, 1613
List the prime factors of 138.
2, 3, 23
What are the prime factors of 23347?
37, 631
What are the prime factors of 61907?
31, 1997
List the prime factors of 18642.
2, 3, 13, 239
List the prime factors of 723.
3, 241
What are the prime factors of 3414?
2, 3, 569
List the prime factors of 5547.
3, 43
What are the prime factors of 87?
3